a be 6/18*(-13 + 34). Let c = -4 - -81. Calculate the highest common divisor of a and c.
7
Let p = 23417 + -23274. Calculate the greatest common factor of 1313 and p.
13
Let i = -243 + 251. Suppose 3*g + 2*a + 800 = i*g, -g = a - 160. Calculate the highest common divisor of g and 120.
40
Suppose -4*n + 8 = 0, -74 = -3*a + 2*n + 72. Let l(c) = 2*c**2 - 2*c - 2. Let g be (3 - 4)*0 + -2. Let o be l(g). What is the highest common factor of o and a?
10
Let z(i) = -i**3 + 3*i**2 - 26*i + 195. Let h be z(5). What is the greatest common divisor of h and 615?
15
Suppose 0 = 5*k - 3*j + 285, 4*j + 260 = 2*k - 6*k. Let m be (k/(-210))/((-2)/(-126)). What is the greatest common divisor of m and 342?
18
Suppose -752*i = -719*i - 4290. What is the greatest common factor of 585 and i?
65
Let d be 56 - 2 - (58 - 64). Suppose 5*f - 4*k - 376 = 112, 4*k - 412 = -4*f. What is the highest common factor of d and f?
20
Suppose -17*r - 164 + 521 = 0. Suppose -4*h + 18 = -178. Calculate the greatest common factor of r and h.
7
Suppose -10*h = -6*h + 1132. Let d be -2 + (2 - 0 - 4) - h. Let o be -1*(-2)/((-8)/(-124)). What is the greatest common divisor of d and o?
31
Suppose 5*m = -5, 212 = d - 1086*m + 1082*m. Calculate the highest common divisor of 2 and d.
2
Suppose 420*z + 1080 = 435*z. Calculate the highest common divisor of z and 372.
12
Let n be (-21)/(-42) + (6068/8 - 0). What is the highest common divisor of 966 and n?
69
Let q(o) = 2*o + 33. Let l be q(-1). Suppose 3*p = -3*v + 21, p - 5*v = 4*p - l. What is the greatest common factor of 374 and p?
2
Suppose 38*c - 33*c - 4*o = 4226, 4*o = 3*c - 2542. What is the highest common factor of 2 and c?
2
Let v be 73*((-544)/(-160))/((-2)/(-10)). Calculate the greatest common divisor of v and 17.
17
Let q be 6*(72/16 - 7). Let m be -6 + 4 + q/(-3). What is the highest common factor of 150 and m?
3
Suppose 0*c + 2*w - 450 = -3*c, -600 = -4*c + w. Let t = c + -89. Let f = 63 - t. Calculate the greatest common divisor of 3 and f.
1
Let l = -9494 - -9544. What is the greatest common factor of l and 170?
10
Let r = -501 + 773. Let n(l) = -12*l - 386. Let m be n(-35). What is the greatest common factor of m and r?
34
Let k = 584 - 582. Let o be k/(-3) - 13800/(-180). What is the highest common factor of o and 171?
19
Suppose 13*y - 6*y - 847 = 0. Suppose 23 = -y*i + 120*i. Let v = 63 + i. Calculate the greatest common divisor of v and 60.
20
Suppose 166170 - 39228 + 6678 = 34*x. What is the greatest common factor of x and 5?
5
Suppose 0 = p - 15 + 5. Let j(t) = -t**3 + 5*t**2 + 11*t. Let u = -233 + 239. Let s be j(u). What is the greatest common factor of s and p?
10
Let n = 66 - 44. Suppose -3*h + 6 + 27 = -4*t, -21 = -h - 2*t. Suppose h*i + x = 11*i + 131, 2*x = 3*i - 101. Calculate the greatest common factor of n and i.
11
Let d be ((-40)/4 - -9) + -2*21*-49. What is the greatest common factor of d and 34?
17
Let c = 10870 + -5617. Calculate the greatest common divisor of c and 102.
51
Let v be (408*(-10)/(-45))/(1/3). Let x(o) = 32*o**2 + 189*o - 1. Let y be x(-6). What is the greatest common divisor of v and y?
17
Let v = -196 + 366. Suppose -v*w = -176*w + 1638. Calculate the greatest common factor of w and 21.
21
Let i = 20 + -17. Let d = i + 1. Suppose 15*k - 36 = 6*k. Calculate the greatest common divisor of d and k.
4
Suppose 23*a = 3*h + 20*a - 1353, 5*a = -2*h + 867. Calculate the greatest common factor of 8 and h.
2
Let u be ((-840)/35 + 26)/((-2)/(-88)). Suppose -4*w - 2245 = -3*n - 777, -n - 2*w + 476 = 0. Calculate the highest common factor of n and u.
44
Suppose 39*j - 5490 = -64*j + 13*j. What is the greatest common factor of j and 31?
1
Let i be (-2 - -6)/(-1) - 9. Let t = i - -14. Suppose -3*u = 5*j - 0*j - t, 4*j + u - 5 = 0. Calculate the highest common divisor of j and 16.
2
Suppose 34*s - 2007 - 5201 = 0. Calculate the greatest common factor of 1537 and s.
53
Let t(j) = 9*j + 3. Let b be t(1). Let w = b - 15. Let a be w/2*(-50)/15. What is the greatest common factor of 20 and a?
5
Let z be (-4)/30 - 17184/720. Let n be -2 - 10/10*z. Let t = 189 + -79. What is the highest common factor of n and t?
22
Suppose 0 = 3*x - o - 149, 4*x - 217 = 2*o - 17. Let g be -2*((-59)/2 - 1). Let n = g - x. Calculate the highest common divisor of n and 36.
12
Let h = 5472 - 5380. Calculate the greatest common divisor of 1518 and h.
46
Let z = -11804 - -11805. Let x(j) = -j**3 - 2*j**2 - 2*j + 2. Let m be x(-3). Calculate the greatest common factor of m and z.
1
Let a(t) = t**2 - 5*t + 14. Let l be a(5). Let r(p) = p**3 - 13*p**2 - 13*p - 2. Let o be r(l). Calculate the highest common factor of o and 57.
3
Let w(l) = -450*l - 34. Let c be w(-13). Suppose -5*z + c = -12804. Suppose -12*v = 604 - z. What is the highest common divisor of v and 26?
26
Suppose -210 = -0*d - 3*d. Let c = -69289 - -69401. What is the highest common divisor of d and c?
14
Let g be (-2)/11 + 155/(-55) + 8. Let m be 1*(502 - 15/g). Suppose -131 = -2*p + m. Calculate the greatest common divisor of 35 and p.
35
Let k(d) = -2*d - 6. Let i be k(-5). Suppose 3*r = -i*r + 147. Suppose 1386 = 5*y + y. What is the highest common factor of y and r?
21
Suppose 27*m - 35*m + 26*m - 5040 = 0. Let x(f) = 5*f + 26. Let n be x(6). What is the highest common factor of m and n?
56
Suppose -5*d = t - 491, 2*t - 7*d + 9*d = 966. Calculate the highest common divisor of t and 26.
13
Let k(r) = -2*r + 429. Let b be k(13). Calculate the highest common factor of b and 52.
13
Suppose -5131 = -6*w - w. Let v = -249 + w. Suppose -g = g - v. Calculate the highest common factor of 22 and g.
22
Let u be 102/1581 + 6783/93. What is the greatest common divisor of 2336 and u?
73
Let n be (-564)/15510 - 4404/(-110). What is the greatest common divisor of 1270 and n?
10
Suppose j = 9*j - 56. Let u be 21/j + (-15 + -2)*-6. Calculate the highest common divisor of u and 45.
15
Let i = -346 + 640. Calculate the greatest common factor of 18 and i.
6
Let j(y) = 2*y**2 + 3*y + 2. Let i be j(-1). Let d be 95/15 + i/(-3) - 1. Suppose -d = -3*b + 10. Calculate the highest common divisor of 2 and b.
1
Let l(z) be the first derivative of -5*z**2/2 + 169*z - 92. Let m be l(14). What is the highest common factor of 165 and m?
33
Suppose 101*c - 167*c = -1122. Calculate the greatest common factor of 37 and c.
1
Suppose -2*n - 3*n = -5*k - 80, 25 = -5*k. Suppose -2*z - 7 = -n. Let u be 6 - z - 3 - -6. Calculate the greatest common divisor of 56 and u.
7
Suppose -25*s - 3*s - 4*s + 20128 = 0. What is the greatest common factor of 185 and s?
37
Let k(l) = -2*l**2 + 3*l + 4. Let i be k(-2). Let n(q) = -q**2 - 8*q + 38. Let x be n(i). Calculate the highest common divisor of x and 2.
2
Let y be (9/(-6))/(174/(-178640)). What is the highest common divisor of 105 and y?
35
Let j be (-2)/24 + (1/(-14))/((-660)/111650). Suppose 0*p = -2*p + 360. Calculate the greatest common divisor of j and p.
12
Let m be 4 + (-5)/5 - (-557 - 0). Let q = m + -362. What is the highest common factor of 44 and q?
22
Let n(x) = 118*x**2 + 197*x - 1471. Let k be n(8). Calculate the highest common divisor of k and 57.
19
Suppose 2*p - 3*l - 3231 = 0, -9 = 145*l - 148*l. Calculate the highest common divisor of p and 35.
5
Let i = 8445 + -1560. What is the greatest common divisor of 85 and i?
85
Let a be (-4)/78 + 382394/741. Calculate the highest common divisor of 44634 and a.
258
Let h = 1597 + -1593. Calculate the greatest common divisor of h and 21132.
4
Suppose 14*c + 1084 + 708 = 0. Let r = c + 133. Suppose x - 33 = -2*s - 13, -20 = -x + 2*s. Calculate the greatest common factor of r and x.
5
Let l = 7522 - 7516. Calculate the greatest common divisor of 5466 and l.
6
Let p(z) = 12*z**2 - z. Let t be p(1). Let r = -181 + 440. Let y = 347 - r. What is the greatest common factor of t and y?
11
Let x be ((-28)/56 + 39/6)/((-4)/(-582)). Calculate the highest common factor of 679 and x.
97
Suppose -4110 = -4*d - 5*m, 4*m + 3861 = 3*d + 825. What is the greatest common divisor of d and 240?
60
Let d = -37 + 101. Let s = d - 33. Suppose s + 17 = 2*r. Calculate the highest common divisor of r and 6.
6
Suppose -3*f - 189 = -75. Let z = f + 50. Suppose z*n - 516 = -144. What is the greatest common divisor of n and 248?
31
Su